 is the remainder when 179005 is divided by 6?
1
What is the remainder when 25677 is divided by 40?
37
Calculate the remainder when 23274 is divided by 25.
24
Calculate the remainder when 4174 is divided by 50.
24
Calculate the remainder when 1520263 is divided by 20544.
7
Calculate the remainder when 10408 is divided by 3462.
22
Calculate the remainder when 9797 is divided by 1399.
4
What is the remainder when 1557840 is divided by 143?
141
Calculate the remainder when 8718 is divided by 583.
556
What is the remainder when 11801 is divided by 159?
35
Calculate the remainder when 6177 is divided by 6166.
11
Calculate the remainder when 7357 is divided by 53.
43
Calculate the remainder when 1742806 is divided by 435700.
6
What is the remainder when 7223 is divided by 113?
104
Calculate the remainder when 15276 is divided by 5077.
45
What is the remainder when 39427 is divided by 47?
41
Calculate the remainder when 50110 is divided by 271.
246
What is the remainder when 2415 is divided by 159?
30
What is the remainder when 349 is divided by 16?
13
What is the remainder when 234909 is divided by 169?
168
What is the remainder when 58226 is divided by 3634?
82
Calculate the remainder when 5122 is divided by 4778.
344
Calculate the remainder when 251977 is divided by 185.
7
Calculate the remainder when 12174 is divided by 4056.
6
What is the remainder when 3515 is divided by 1673?
169
What is the remainder when 11808 is divided by 11?
5
Calculate the remainder when 81339 is divided by 40633.
73
Calculate the remainder when 25626 is divided by 2131.
54
Calculate the remainder when 3338 is divided by 111.
8
What is the remainder when 39183 is divided by 194?
189
What is the remainder when 42224 is divided by 23?
19
What is the remainder when 409626 is divided by 51202?
10
Calculate the remainder when 12345 is divided by 3446.
2007
What is the remainder when 2152 is divided by 271?
255
What is the remainder when 1419 is divided by 383?
270
Calculate the remainder when 124864 is divided by 113.
112
Calculate the remainder when 30398 is divided by 6077.
13
Calculate the remainder when 4863 is divided by 808.
15
What is the remainder when 2910 is divided by 6?
0
Calculate the remainder when 35503 is divided by 112.
111
Calculate the remainder when 24709 is divided by 1235.
9
What is the remainder when 81361 is divided by 733?
731
What is the remainder when 5862 is divided by 66?
54
Calculate the remainder when 3959 is divided by 29.
15
What is the remainder when 1406051 is divided by 1692?
1691
What is the remainder when 72799 is divided by 260?
259
What is the remainder when 13789 is divided by 97?
15
Calculate the remainder when 14812 is divided by 33.
28
Calculate the remainder when 340472 is divided by 214.
212
Calculate the remainder when 34279 is divided by 161.
147
Calculate the remainder when 134933 is divided by 39.
32
Calculate the remainder when 7756 is divided by 74.
60
Calculate the remainder when 14739 is divided by 268.
267
What is the remainder when 2659 is divided by 1239?
181
Calculate the remainder when 9826 is divided by 2203.
1014
Calculate the remainder when 51369 is divided by 2446.
3
Calculate the remainder when 63110 is divided by 151.
143
What is the remainder when 225764 is divided by 666?
656
Calculate the remainder when 57211 is divided by 61.
54
Calculate the remainder when 2149 is divided by 72.
61
What is the remainder when 856 is divided by 845?
11
What is the remainder when 2322 is divided by 3?
0
What is the remainder when 50349 is divided by 3596?
5
Calculate the remainder when 133900 is divided by 7876.
8
What is the remainder when 211215 is divided by 52802?
7
What is the remainder when 17616 is divided by 2167?
280
What is the remainder when 233 is divided by 54?
17
What is the remainder when 603276 is divided by 295?
1
Calculate the remainder when 84218 is divided by 16841.
13
What is the remainder when 11482 is divided by 75?
7
Calculate the remainder when 310459 is divided by 860.
859
Calculate the remainder when 13774 is divided by 2651.
519
What is the remainder when 1737 is divided by 430?
17
What is the remainder when 209108 is divided by 308?
284
What is the remainder when 38545 is divided by 316?
309
Calculate the remainder when 43272 is divided by 4325.
22
Calculate the remainder when 12737 is divided by 718.
531
Calculate the remainder when 410 is divided by 137.
136
Calculate the remainder when 179603 is divided by 388.
347
What is the remainder when 7578 is divided by 10?
8
What is the remainder when 6296 is divided by 5322?
974
Calculate the remainder when 1624 is divided by 387.
76
What is the remainder when 2081 is divided by 846?
389
What is the remainder when 218880 is divided by 50?
30
What is the remainder when 11922 is divided by 279?
204
Calculate the remainder when 23835 is divided by 411.
408
Calculate the remainder when 12034 is divided by 11.
0
What is the remainder when 4333 is divided by 150?
133
What is the remainder when 39129 is divided by 165?
24
Calculate the remainder when 54732 is divided by 233.
210
Calculate the remainder when 137068 is divided by 52.
48
What is the remainder when 18860 is divided by 237?
137
Calculate the remainder when 1088 is divided by 21.
17
Calculate the remainder when 7949 is divided by 112.
109
Calculate the remainder when 35132 is divided by 122.
118
What is the remainder when 3820 is divided by 3548?
272
Calculate the remainder when 52 is divided by 46.
6
What is the remainder when 16141 is divided by 29?
17
Calculate the remainder when 1250 is divided by 62.
10
Calculate the remainder when 7888 is divided by 404.
212
Calculate the remainder when 1616 is divided by 496.
128
Calculate the remainder when 9974 is divided by 4984.
6
Calculate the remainder when 623864 is divided by 285.
284
What is the remainder when 3635 is divided by 2427?
1208
What is the remainder when 476618 is divided by 881?
878
Calculate the remainder when 24471 is divided by 152.
151
What is the remainder when 10494 is divided by 119?
22
What is the remainder when 1151319 is divided by 25?
19
Calculate the remainder when 7126 is divided by 1779.
10
What is the remainder when 11984 is divided by 38?
14
What is the remainder when 4283 is divided by 32?
27
What is the remainder when 23555 is divided by 1809?
38
Calculate the remainder when 5313 is divided by 5309.
4
Calculate the remainder when 33217 is divided by 33214.
3
Calculate the remainder when 1352 is divided by 50.
2
What is the remainder when 261503 is divided by 89?
21
What is the remainder when 221844 is divided by 47?
4
What is the remainder when 38668 is divided by 122?
116
Calculate the remainder when 234 is divided by 123.
111
Calculate the remainder when 1777 is divided by 199.
185
Calculate the remainder when 41734 is divided by 27.
19
Calculate the remainder when 9049 is divided by 22.
7
What is the remainder when 1159 is divided by 291?
286
What is the remainder when 11168 is divided by 147?
143
What is the remainder when 9060 is divided by 878?
280
What is the remainder when 17114 is divided by 105?
104
Calculate the remainder when 9043 is divided by 312.
307
What is the remainder when 56741 is divided by 28346?
49
Calculate the remainder when 7335 is divided by 1436.
155
What is the remainder when 4931 is divided by 188?
43
What is the remainder when 3967 is divided by 1224?
295
What is the remainder when 22136 is divided by 41?
37
What is the remainder when 24252 is divided by 45?
42
Calculate the remainder when 1681 is divided by 191.
153
What is the remainder when 1489 is divided by 443?
160
Calculate the remainder when 6552 is divided by 129.
102
Calculate the remainder when 183176 is divided by 589.
586
What is the remainder when 735974 is divided by 15?
14
What is the remainder when 4369 is divided by 44?
13
What is the remainder when 4158 is divided by 2079?
0
What is the remainder when 1659 is divided by 1599?
60
What is the remainder when 3275 is divided by 193?
187
Calculate the remainder when 9252 is divided by 24.
12
What is the remainder when 201848 is divided by 71?
66
Calculate the remainder when 57750 is divided by 980.
910
Calculate the remainder when 92576 is divided by 10286.
2
What is the